 is p(-9)?
-15
Let s(z) = -4*z**3 - 43*z**2 - 40*z + 384. Give s(-8).
0
Let z(g) = -38*g + 176. Determine z(5).
-14
Let u(o) = -o**2 + 13*o - 17. Calculate u(14).
-31
Let d(q) = q**3 + 30*q**2 + 178*q + 399. What is d(-23)?
8
Let h(d) = -524*d + 228. What is h(-1)?
752
Let s(c) = -202*c + 6666. Determine s(33).
0
Let t(j) = j**3 - 10*j**2 + 51*j - 170. Give t(11).
512
Let g(f) = f**2 - 40*f - 89. What is g(30)?
-389
Let y(x) = 2*x**2 - 108*x + 741. Determine y(46).
5
Let d(v) = -v**3 - 9*v**2 - 14*v - 53. What is d(-9)?
73
Let v(n) = 18*n - 622. Determine v(22).
-226
Let f(x) = -2*x**2 + 66*x - 240. What is f(28)?
40
Let o(j) = -5*j**3 - j**2 + 1. Give o(2).
-43
Let c(f) = 578*f - 11. What is c(0)?
-11
Let y(z) = -z**3 - 15*z**2 - 39*z - 10. Determine y(-3).
-1
Let d(v) = v**3 - 6*v**2 - 98*v - 31. Determine d(-7).
18
Let y(q) = -q**2 + 2*q + 124. What is y(0)?
124
Let b(z) = -z**2 + 68*z + 66. What is b(72)?
-222
Let d(o) = -28531*o - 228241. What is d(-8)?
7
Let z(g) = -g**3 - 9*g**2 + 30*g - 11. Determine z(-12).
61
Let b(n) = 2*n**2 + 189*n + 3927. Calculate b(-31).
-10
Let d(p) = p**3 - 32*p**2 + 246*p - 542. Calculate d(22).
30
Let t(r) = 4*r**3 - 295*r**2 - 67*r - 509. Calculate t(74).
9
Let z(w) = w**3 - 6*w**2 - 125*w + 144. Calculate z(14).
-38
Let c(y) = y**2 + 48*y + 552. Determine c(-22).
-20
Let d(c) = c**3 - 92*c**2 + 87*c + 390. Determine d(91).
26
Let h(p) = 4364*p + 47996. What is h(-11)?
-8
Let r(a) = 3*a**3 + 31*a**2 + 119*a + 18. What is r(-8)?
-486
Let r(s) = 388*s + 9317. Calculate r(-24).
5
Let r(p) = -2*p**2 - 187*p - 1622. Determine r(-84).
-26
Let b(a) = -23*a + 2513. Give b(109).
6
Let s(j) = 54*j + 3584. Calculate s(-67).
-34
Let l(x) = 34*x + 313. Give l(-18).
-299
Let l(k) = -109*k - 55. What is l(1)?
-164
Let d(b) = -b**3 - 5*b**2 - 14*b - 4. Determine d(-3).
20
Let w(i) = 441*i - 10585. Determine w(24).
-1
Let a(m) = -45*m - 516. Determine a(-8).
-156
Let l(t) = 3*t**2 + 411*t + 831. Determine l(-2).
21
Let b(t) = -t**2 - 29*t - 155. Determine b(-7).
-1
Let h(q) = 21*q - 204. Calculate h(10).
6
Let c(u) = 83*u + 2016. Determine c(-24).
24
Let q(p) = p**3 + 2*p**2 - 3*p + 1. Calculate q(-2).
7
Let l(q) = 48*q + 3368. Calculate l(-70).
8
Let r(f) = 8*f**3 - 1463*f**2 - 179*f - 731. Calculate r(183).
1
Let l(k) = 51*k + 1985. Give l(-39).
-4
Let g(n) = -n**2 + 89*n + 498. What is g(-5)?
28
Let m(o) = o**3 - 51*o**2 + 518*o - 19. Give m(37).
-19
Let v(w) = 6*w**2 + 215*w + 731. Determine v(-32).
-5
Let a(x) = x**2 - 48*x - 721. What is a(60)?
-1
Let s(b) = -18*b**2 + b + 339. Give s(0).
339
Let g(q) = q - 3. Determine g(-17).
-20
Let h(i) = 28*i**2 + 189*i - 24. Give h(-8).
256
Let m(o) = -7*o**2 + 13*o + 80. Determine m(-5).
-160
Let c(n) = 29*n**2 - 6178*n + 206. Give c(213).
-7
Let g(o) = 82*o + 1113. What is g(-12)?
129
Let c(d) = -2*d**2 - 78*d + 2064. Calculate c(-57).
12
Let l(g) = -1619*g - 5. Calculate l(0).
-5
Let u(d) = 14*d - 320. What is u(22)?
-12
Let a(r) = 10*r**2 + 3538*r + 2830. Give a(-353).
6
Let f(u) = -6*u**3 - u**2 - 12*u + 18. What is f(2)?
-58
Let w(g) = -g**3 + 33*g**2 + 74*g - 71. Give w(35).
69
Let w(q) = -5*q**2 + 15*q - 33. Determine w(6).
-123
Let c(g) = 5*g**2 - 308*g + 171. Give c(61).
-12
Let b(j) = j**3 + 14*j**2 - 52*j - 703. What is b(-14)?
25
Let i(u) = 5*u**3 + 202*u**2 + 793*u + 52. What is i(-36)?
16
Let f(p) = -11*p**2 + 299*p - 894. What is f(3)?
-96
Let i(z) = -z**2 - 9*z - 18. Calculate i(-4).
2
Let f(b) = -812*b - 8. Determine f(0).
-8
Let a(m) = m**3 + 18*m**2 + 167*m + 2166. What is a(-16)?
6
Let s(c) = 11*c**2 + 50*c + 33. Calculate s(-3).
-18
Let q(l) = l**2 - 21*l - 75. Determine q(24).
-3
Let h(m) = 2*m**2 + 110*m + 749. Give h(-47).
-3
Let a(z) = 254*z - 6360. What is a(25)?
-10
Let c(v) = 12*v**2 - 7*v - 10. Give c(1).
-5
Let p(y) = 32*y**3 + 13*y**2 - 29*y + 14. Calculate p(1).
30
Let q(a) = -2*a**3 + 36*a**2 + 36*a + 43. Determine q(19).
5
Let c(p) = -62*p + 762. Calculate c(14).
-106
Let y(w) = w**2 + 32*w + 123. What is y(-25)?
-52
Let j(f) = 111*f + 408. Give j(-4).
-36
Let j(m) = -4*m**3 - 16*m**2 - 24*m - 40. Determine j(-3).
-4
Let w(y) = y**3 + 13*y**2 - 51*y - 36. What is w(-16)?
12
Let f(d) = d**2 + 2*d - 53. Give f(-10).
27
Let l(b) = -3*b**3 + 37*b**2 + 24*b + 30. Give l(13).
4
Let t(w) = -41*w + 1471. Give t(35).
36
Let b(u) = -u**3 - 8*u**2 - 2*u - 235. What is b(-10)?
-15
Let q(g) = -g**2 + 31*g - 147. Determine q(5).
-17
Let u(d) = 20*d**2 - 322*d. Calculate u(16).
-32
Let a(z) = z**2 - 14*z + 68. Give a(15).
83
Let l(i) = -57*i**3 + 903*i**2 + 146*i - 37. Determine l(16).
-5
Let h(a) = -11*a + 277. Calculate h(17).
90
Let u(b) = -3*b**2 + 13*b + 29. Give u(6).
-1
Let x(o) = -2*o**3 - 25*o**2 + 6*o - 124. Determine x(-13).
-33
Let p(b) = -2*b**3 + 36*b**2 + 239*b - 221. What is p(23)?
-14
Let i(c) = -67*c + 321. Give i(5).
-14
Let j(q) = -32*q - 2315. What is j(-72)?
-11
Let q(b) = b**3 - 27*b**2 + 66*b + 199. Determine q(24).
55
Let l(j) = j**3 + 23*j**2 + 33*j - 30. What is l(-21)?
159
Let c(f) = f**2 - 59*f - 370. Determine c(-7).
92
Let r(j) = j**3 - 91*j**2 + 1009*j + 68. Calculate r(13).
3
Let b(l) = -10*l**2 - 51*l - 1. Give b(-6).
-55
Let w(o) = -o**3 + 5*o**2 - 13*o + 20. Give w(5).
-45
Let k(p) = -8*p**3 + 7*p**2 - 13*p + 6. What is k(1)?
-8
Let j(u) = 2*u**3 + 17*u**2 - 121*u - 59. Determine j(-13).
-7
Let k(r) = 2*r**2 - 18*r + 155. What is k(14)?
295
Let v(a) = a**3 + 7*a**2 + 8*a + 15. Determine v(-5).
25
Let k(q) = -3*q**2 - 79*q + 205. Give k(-29).
-27
Let i(g) = 18*g**3 - g**2 + 33*g + 70. Give i(-2).
-144
Let y(w) = 19*w + 70. Determine y(5).
165
Let q(n) = -n**2 - 7543*n - 389531. What is q(-52)?
1
Let y(g) = -g**3 - 20*g**2 + 7*g - 2141. Determine y(-24).
-5
Let o(i) = -23*i - 169. Determine o(0).
-169
Let n(v) = 49*v + 20. Determine n(4).
216
Let p(a) = -312*a - 37125. Give p(-119).
3
Let p(b) = -3*b**2 - 125*b + 5. Calculate p(-11).
1017
Let p(r) = 15*r + 150. What is p(-8)?
30
Let j(r) = -r**3 + 23*r**2 + 3*r - 65. What is j(23)?
4
Let y(f) = 68*f**3 - 3*f**2 + 3*f + 4. What is y(-1)?
-70
Let q(m) = 137*m - 2. Give q(1).
135
Let z(m) = m**3 + 2*m**2 - 3*m + 3. Calculate z(3).
39
Let p(o) = o**3 + o**2 + 86*o + 111. What is p(0)?
111
Let i(v) = v**3 + 30*v**2 + 28*v - 16. Calculate i(-29).
13
Let z(t) = 11*t**2 - 79*t + 112. Give z(7).
98
Let m(s) = 4*s**2 + 29*s - 243. Calculate m(5).
2
Let x(k) = 2*k**2 - 8*k + 56. What is x(11)?
210
Let l(h) = 540*h - 487. Calculate l(1).
53
Let q(z) = -2*z**2 - 33*z + 8. Calculate q(-12).
116
Let c(m) = -m**2 - 123*m - 3288. Determine c(-84).
-12
Let y(n) = n**3 - 210*n**2 + 417*n - 210. What is y(208)?
-2
Let d(z) = 4*z**3 + 58*z**2 - 253*z - 19. Calculate d(-18).
-1
Let z(i) = -i**2 - 68*i - 1113. Determine z(-26).
-21
Let z(q) = -q**2 + 110*q + 837. Give z(-7).
18
Let r(d) = 61*d + 959. What is r(-7)?
532
Let z(c) = -4*c**2 - 275*c - 1897. What is z(-61)?
-6
Let q(l) = -16*l - 94. Calculate q(-6).
2
Let c(l) = 25*l**2 - 22*l - 1. Give c(-1).
46
Let n(o) = o**2 - 83*o - 16631. Determine n(177).
7
Let d(a) = -2239*a + 40309. Calculate d(18).
7
Let d(q) = -q**3 - 10*q - 14. Give d(-4).
90
Let n(k) = -3*k**3 + 23*k**2 - 9*k - 30. Give n(7).
5
Let w(t) = -t**3 - 59*t**2 - 7*t - 367. Determine w(-59).
46
Let p(a) = 2*a**3 - 80*a**2 + 75*a + 127. What is p(39)?
10
Let t(a) = -a**3 + 42*a**2 - 44*a + 108. Determine t(41).
-15
Let r(p) = 2*p**3 - 21*p**2 - 38*p + 19. Calculate r(12).
-5
Let g(t) = -t**3 - 128*t**2 - 150*t - 2923. Give g(-127).
-2
Let h(b) = -b**2 - 48*b - 65. Determine h(-47).
-18
Let r(q) = 59*q**2 + q - 3. Calculate r(-1).
55
Let f(g) = 94*g + 179. Give f(-2).
-9
Let c(x) = -242*x + 30971. Give c(128).
-5
Let c(b) = b**3 - b**2 - 3369*b - 6732. What is c(-2)?
-6
Let i(c) = -15*c**2 - 98*c + 39. Determine i(-7).
-10
Let l(d) = -d**2 + 8*d + 1232. Give l(38).
92
Let k(s) = 7*s**3 - 34*s**2 + 102*s. What is k(4)?
312
Let g(l) = -5*l**2 - 345*l - 121. Give g(-67).
549
Let h(f) = -791*f**2 + 7119*f - 4. Give h(9).
-4
Let j(z) = -56*z + 303. Give j(9).
-201
Let i(p) = 565*p**2 + 12434*p + 95. Determine i(-22).
7
Let v(n) = -2*n**3 + 10*n**2 + 9*n - 110. Give v(5).
-65
Let w(n) = 8*n - 37. Determine w(-17).
-173
Let h(q) = q**3 + 20*q**2 + 87*q - 26. Calculate h(-14).
-68
Let